 u(a) = a**2 - 261*a + 11967. Give u(59).
49
Let m(c) = 3*c**2 + 591*c - 210300. Give m(184).
12
Let w(c) = 17*c - 899. Determine w(58).
87
Let c(m) = -10*m**2 - 367*m + 81. What is c(-35)?
676
Let d(a) = -4645*a + 515597. What is d(111)?
2
Let d(b) = b**2 + 7824*b - 94037. What is d(12)?
-5
Let z(h) = 8188*h - 195548. Determine z(24).
964
Let y(l) = -l**3 + 99*l**2 - 2510*l + 5696. What is y(56)?
-16
Let d(g) = -2009*g - 307372. Give d(-153).
5
Let m(y) = -y**3 - 23*y**2 - 14*y + 732. What is m(-21)?
144
Let h(i) = 56*i**2 + 2*i - 98. What is h(-5)?
1292
Let c(z) = 4288*z - 291778. Give c(68).
-194
Let v(t) = -798*t**3 - 68628*t**2 + 2*t + 175. Calculate v(-86).
3
Let f(b) = b**3 - 8*b**2 - 34*b + 138. Determine f(3).
-9
Let k(g) = -g**2 + 2737*g - 760. Give k(0).
-760
Let h(d) = d**2 - 551*d - 3801. Determine h(-7).
105
Let l(n) = -2*n**2 - 4568*n - 161856. Give l(-36).
0
Let x(s) = s**3 + 732*s**2 - 3723*s - 28020. Give x(-737).
-14
Let k(h) = -255977*h - 4863568. Calculate k(-19).
-5
Let h(p) = p**3 + 19*p**2 + 182*p + 2968. Calculate h(-18).
16
Let s(r) = 744*r - 9992. Calculate s(13).
-320
Let j(b) = 21503*b + 344052. What is j(-16)?
4
Let i(s) = -2782*s + 464612. Determine i(167).
18
Let z(v) = -685*v - 336. Give z(-4).
2404
Let c(s) = -13155*s - 263050. Give c(-20).
50
Let o(z) = -z**2 + 129*z + 853. Determine o(-9).
-389
Let n(b) = -18253*b + 839626. Calculate n(46).
-12
Let k(d) = -1827*d + 750747. Give k(411).
-150
Let m(r) = 19*r**2 + 1388*r + 24653. Calculate m(-42).
-127
Let t(d) = d**3 + 7*d**2 - 9097*d - 54631. Determine t(-6).
-13
Let f(q) = 7*q**2 - 631*q + 212. Determine f(91).
758
Let o(x) = 3*x**3 - 34*x**2 - 220*x + 837. Give o(15).
12
Let q(u) = 674*u - 11841. What is q(15)?
-1731
Let m(f) = -12*f**2 - 32*f + 110. Give m(2).
-2
Let h(k) = 29648*k - 355772. What is h(12)?
4
Let r(z) = -181*z + 1418. What is r(6)?
332
Let o(y) = 2*y**2 - 7916*y + 54998. Calculate o(7).
-316
Let l(p) = -56*p**2 - 314*p + 142. Determine l(-6).
10
Let q(m) = 1528*m - 1402. What is q(1)?
126
Let c(r) = -142*r**2 + 420*r + 3. Give c(3).
-15
Let u(m) = 2*m**2 - 32*m + 836. Give u(0).
836
Let o(s) = 7*s**2 + 663*s - 8. Give o(-95).
182
Let z(w) = -27131*w - 407104. Give z(-15).
-139
Let m(y) = -60497*y - 11675919. Give m(-193).
2
Let w(o) = o**2 + 102*o + 740. Calculate w(-94).
-12
Let s(r) = -281*r - 7004. Determine s(-25).
21
Let k(x) = 124*x**2 - 2269*x + 678. Determine k(18).
12
Let n(q) = 2*q**3 + 11*q**2 + 50*q + 219. Give n(-10).
-1181
Let m(d) = -25859*d + 672313. Give m(26).
-21
Let a(p) = -p**3 + 545*p**2 - 41306*p - 719. What is a(91)?
9
Let m(j) = -66*j**2 + 739*j + 72. What is m(11)?
215
Let v(y) = 141811*y - 1134448. Give v(8).
40
Let x(k) = -15524*k + 6644256. Calculate x(428).
-16
Let b(r) = -2*r**2 - 267*r + 215869. Determine b(-402).
-5
Let w(f) = f**3 + 66*f**2 - 718*f - 3338. Calculate w(-75).
-113
Let v(h) = 66*h**2 + 6009*h + 261. Give v(-91).
-12
Let i(j) = j**2 - 1250995*j + 16262771. What is i(13)?
5
Let j(l) = -37*l**2 - 218*l + 26. Calculate j(-12).
-2686
Let m(o) = 829705*o + 5807936. Calculate m(-7).
1
Let d(a) = a**2 + 894*a + 14093. Calculate d(-16).
45
Let g(l) = 768*l - 59035. Calculate g(77).
101
Let u(w) = -w**2 - 23*w + 208. What is u(-26)?
130
Let y(p) = 2*p**2 - 62*p - 6248. Give y(65).
-1828
Let d(x) = -2*x**3 - 573*x**2 - 3527*x - 973. Give d(-6).
-7
Let o(c) = -c**2 - 59*c + 2738. What is o(-101)?
-1504
Let g(s) = 339*s - 41386. Determine g(122).
-28
Let s(g) = g**3 + 408*g**2 - 2911*g - 1922. Calculate s(-415).
568
Let x(h) = -h**2 + 51*h + 30028. Calculate x(-147).
922
Let b(c) = c**3 - 1299*c**2 + 396087*c + 2482. Calculate b(810).
52
Let f(i) = i**2 + 58*i - 207. Give f(-63).
108
Let u(i) = -9*i**3 - 1948*i**2 + 1088*i - 547. Determine u(-217).
-1198
Let w(a) = -a**3 - 12*a**2 - 29*a + 15. What is w(-5)?
-15
Let q(c) = -2*c**3 - 15*c**2 - 405*c - 3296. What is q(-8)?
8
Let i(l) = 7*l**3 - 600*l**2 - 179*l + 425. What is i(86)?
-177
Let d(j) = 189514*j - 568514. What is d(3)?
28
Let w(i) = -11*i**3 + 83*i**2 + 18*i + 49. Calculate w(9).
-1085
Let d(u) = 3*u**2 + 928999*u + 5573884. Give d(-6).
-2
Let d(x) = 18661*x + 485172. Determine d(-26).
-14
Let j(r) = -49*r**2 - 4699*r - 18012. What is j(-4)?
0
Let b(i) = -i**2 + 208*i + 77980. Determine b(402).
-8
Let l(m) = -m**2 - 71*m - 622. Determine l(-12).
86
Let i(v) = 235*v + 16042. Give i(-68).
62
Let l(u) = 16777*u - 84360. Calculate l(5).
-475
Let r(f) = 6*f**2 + 76*f + 316. What is r(-4)?
108
Let n(i) = -16*i**2 - 146*i + 198. Determine n(-10).
58
Let d(t) = 95799*t + 2107596. Calculate d(-22).
18
Let d(c) = -661*c**2 + 30417*c + 106. Determine d(46).
612
Let l(s) = 2*s**2 + 3312*s + 1282923. Calculate l(-1038).
-45
Let n(c) = c**2 + 840*c + 28841. Calculate n(-36).
-103
Let z(g) = 163*g - 2573. What is z(16)?
35
Let g(j) = -39*j**2 - 23781*j + 5549. Give g(-610).
59
Let l(f) = f**2 + 1352*f - 20541. Give l(15).
-36
Let o(h) = -78*h + 11812. Determine o(151).
34
Let j(g) = -688*g + 193326. Give j(281).
-2
Let f(x) = -1523*x - 186434. What is f(-122)?
-628
Let l(k) = -k**2 + 1007*k - 251914. Give l(541).
192
Let v(l) = -130*l**2 + 953*l + 20. Determine v(7).
321
Let c(k) = -241*k + 3419. Calculate c(11).
768
Let b(v) = 201*v**2 + 514*v + 62. Calculate b(-2).
-162
Let h(t) = -2*t**3 + 40*t**2 + 345*t - 252. Give h(-7).
-21
Let t(r) = -2*r**2 - 229*r - 4264. Give t(-91).
13
Let h(k) = -106*k**3 + 1468*k**2 + 244*k - 12. Determine h(14).
268
Let l(p) = 36*p**2 - 28*p - 61. Determine l(4).
403
Let g(i) = 53570*i**2 + 107143*i + 3. Give g(-2).
-3
Let y(j) = -j**2 - 2346*j - 114794. Determine y(-50).
6
Let c(d) = 1703*d - 484200. Calculate c(284).
-548
Let b(i) = i**3 + 296*i**2 + 777*i + 229922. Determine b(-296).
-70
Let p(y) = y**2 + 163*y - 25235. Calculate p(96).
-371
Let k(t) = -29345*t + 8187270. Calculate k(279).
15
Let k(y) = -3*y**3 - 419*y**2 + 566*y - 260. Determine k(-141).
-542
Let v(f) = -167*f + 7358. Calculate v(43).
177
Let k(l) = -912*l + 65535. What is k(72)?
-129
Let o(q) = 179*q**2 - 3602*q + 187. What is o(20)?
-253
Let y(z) = 2*z**3 + 281*z**2 + 3540*z + 29. Determine y(-14).
57
Let p(a) = -2*a**2 + 5647*a + 405108. What is p(-70)?
18
Let c(g) = -g**3 + 31*g**2 + g - 1958. Determine c(29).
-247
Let z(w) = 3*w**2 + 86*w - 11536. Calculate z(-78).
8
Let h(u) = 3047*u - 844023. Calculate h(277).
-4
Let p(m) = 73*m**2 - 40391*m - 40392. Give p(-1).
72
Let b(c) = -2*c**2 + 442*c - 6264. Determine b(206).
-84
Let r(a) = 85*a + 1140. Give r(-14).
-50
Let w(g) = -3678*g + 169077. Calculate w(46).
-111
Let i(l) = 5*l**3 + 196*l**2 + 41*l + 166. Determine i(-39).
88
Let c(y) = 5*y**2 + 164*y - 944. Calculate c(-32).
-1072
Let r(a) = 29*a**2 - 387*a - 2006. Give r(17).
-204
Let z(c) = -8*c**2 + 95*c + 3662. What is z(-28)?
-5270
Let p(q) = -q**3 + 126*q**2 - 173*q + 5218. Give p(125).
-782
Let c(i) = i**3 + 174*i**2 + 340*i - 638. Determine c(-172).
50
Let r(b) = 2*b**3 - 38*b**2 - 480*b - 164. Calculate r(-9).
-380
Let s(n) = -25984*n - 77920. What is s(-3)?
32
Let q(t) = -t**3 + 110*t**2 - 707*t + 8428. Calculate q(104).
-204
Let f(r) = r**3 + 140*r**2 + 941*r + 1226. Give f(-133).
-104
Let z(b) = 16*b**2 - 3492*b + 178106. Determine z(137).
6
Let q(l) = 146*l**2 - 20579*l - 985. Calculate q(141).
2
Let v(q) = 215074*q + 430083. Give v(-2).
-65
Let q(z) = -2*z**3 - 13605*z**2 - 81553*z + 29. Determine q(-6).
-1
Let g(u) = 9909*u - 79381. Calculate g(8).
-109
Let t(l) = 1899*l - 19019. Determine t(10).
-29
Let h(r) = -30243*r + 423202. Calculate h(14).
-200
Let t(q) = -22*q - 1569. What is t(70)?
-3109
Let g(j) = -20*j**3 - 51*j**2 - 58*j - 10. Determine g(-1).
17
Let j(k) = 12*k**2 - 224*k + 164. What is j(18)?
20
Let x(b) = -5*b**3 + 1445*b**2 + 14946*b - 43. Determine x(-10).
-3
Let u(l) = -1791*l + 18954. Determine u(10).
1044
Let t(c) = -7*c**2 - 931*c + 10553. Give t(11).
-535
Let b(x) = 3*x**2 - 36949*x - 36952. Give b(-1).
0
Let k(c) = 20*c**3 - 1580*c**2 - 67*c + 4882. Determine k(79).
-411
Let l(h) = 1770*h - 47792. Give l(27).
-2
Let c(f) = f**3 + 136*f**2 - 365*f - 12282. What is c(-138)?
0
Let q(g) = -11*g**3 + 3692*g**2 + 1408*g - 21506. Give q(336).
-2
Let n(q) = -14424*q + 144413. What is n(10)?
173
Let j(r) = -3210*r - 118